{"id":5,"date":"2025-05-08T11:18:53","date_gmt":"2025-05-08T11:18:53","guid":{"rendered":"https:\/\/egerszalokipiac.hu\/?page_id=5"},"modified":"2025-05-08T11:18:53","modified_gmt":"2025-05-08T11:18:53","slug":"egerszaloki-piac","status":"publish","type":"page","link":"https:\/\/egerszalokipiac.hu\/","title":{"rendered":"Egerszal\u00f3ki Piac"},"content":{"rendered":"\n<p><a href=\"https:\/\/www.facebook.com\/profile.php?id=100085297885736\">https:\/\/www.facebook.com\/profile.php?id=100085297885736<\/a><\/p>\n\n\n\n<figure class=\"wp-block-image size-large\"><img loading=\"lazy\" decoding=\"async\" width=\"1024\" height=\"208\" src=\"https:\/\/egerszalokipiac.hu\/wp-content\/uploads\/2025\/05\/Kep.-2025.-05.-08.-8.51-1024x208.jpeg\" alt=\"\" class=\"wp-image-6\" srcset=\"https:\/\/egerszalokipiac.hu\/wp-content\/uploads\/2025\/05\/Kep.-2025.-05.-08.-8.51-1024x208.jpeg 1024w, https:\/\/egerszalokipiac.hu\/wp-content\/uploads\/2025\/05\/Kep.-2025.-05.-08.-8.51-300x61.jpeg 300w, https:\/\/egerszalokipiac.hu\/wp-content\/uploads\/2025\/05\/Kep.-2025.-05.-08.-8.51-768x156.jpeg 768w, https:\/\/egerszalokipiac.hu\/wp-content\/uploads\/2025\/05\/Kep.-2025.-05.-08.-8.51-1536x312.jpeg 1536w, https:\/\/egerszalokipiac.hu\/wp-content\/uploads\/2025\/05\/Kep.-2025.-05.-08.-8.51.jpeg 1594w\" sizes=\"auto, (max-width: 767px) 89vw, (max-width: 1000px) 54vw, (max-width: 1071px) 543px, 580px\" \/><\/figure>\n\n\n\n<p><a><strong>Helyi term\u00e9k\u00e9rt\u00e9kes\u00edt\u00e9st szolg\u00e1l\u00f3 piac b\u0151v\u00edt\u00e9se<\/strong><\/a><\/p>\n\n\n\n<p><strong>Egerszal\u00f3k telep\u00fcl\u00e9sen<\/strong><\/p>\n\n\n\n<p>Kedvezm\u00e9nyezett neve: Egerszal\u00f3k K\u00f6zs\u00e9gi \u00d6nkorm\u00e1nyzat<\/p>\n\n\n\n<p>P\u00e1ly\u00e1zati felh\u00edv\u00e1s neve, k\u00f3dsz\u00e1ma: \u201eHelyi term\u00e9k\u00e9rt\u00e9kes\u00edt\u00e9st szolg\u00e1l\u00f3 piacok infrastruktur\u00e1lis- \u00e9s eszk\u00f6z fejleszt\u00e9se\u201d, VP6-7.2.1.1-20<\/p>\n\n\n\n<p>Projekt c\u00edme: Helyi term\u00e9k\u00e9rt\u00e9kes\u00edt\u00e9st szolg\u00e1l\u00f3 piac b\u0151v\u00edt\u00e9se Egerszal\u00f3k telep\u00fcl\u00e9sen<\/p>\n\n\n\n<p>Projekt azonos\u00edt\u00f3 sz\u00e1ma: 3318897197<\/p>\n\n\n\n<p>Szerz\u0151d\u00f6tt t\u00e1mogat\u00e1s \u00f6sszege: 20 024 900 Ft.<\/p>\n\n\n\n<p>T\u00e1mogat\u00e1s m\u00e9rt\u00e9ke: 85%<\/p>\n\n\n\n<p>Projekt befejez\u00e9si d\u00e1tuma: 2024.02.29.<\/p>\n\n\n\n<p>Projekt tartalm\u00e1nak r\u00f6vid bemutat\u00e1sa:<\/p>\n\n\n\n<p>A projekt keret\u00e9ben a vid\u00e9kfejleszt\u00e9si program \u00e1ltal kor\u00e1bban t\u00e1mogatott beruh\u00e1z\u00e1s r\u00e9v\u00e9n megval\u00f3sult helyi term\u00e9k\u00e9rt\u00e9kes\u00edt\u00e9st szolg\u00e1l\u00f3 piac ker\u00fcl b\u0151v\u00edt\u00e9sre. A megl\u00e9v\u0151 termel\u0151i piac m\u00e9rete miatt nem alkalmas a folyamatosan n\u00f6vekv\u0151 \u00e1rus\u00edt\u00f3i \u00e9s v\u00e1s\u00e1rl\u00f3i ig\u00e9nyek kiel\u00e9g\u00edt\u00e9s\u00e9re. Az elm\u00falt \u00e9vekben a kistermel\u0151k, \u00e1rusok sz\u00e1ma folyamatosan n\u00f6vekedett, azonban jelenleg a megl\u00e9v\u0151 piac m\u00e9rete miatt nem mindenkinek tudunk lehet\u0151s\u00e9get biztos\u00edtani term\u00e9keik \u00e9rt\u00e9kes\u00edt\u00e9s\u00e9re. A termel\u0151i piac b\u0151v\u00edt\u00e9se, az eg\u00e9szs\u00e9ges, j\u00f3 min\u0151s\u00e9g\u0171 helyi \u00e9lelmiszerterm\u00e9kek \u00e9s a helyben t\u00f6rt\u00e9n\u0151 v\u00e1s\u00e1rl\u00e1s lehet\u0151s\u00e9g\u00e9nek sz\u00e9lesebb k\u00f6r\u0171 biztos\u00edt\u00e1sa t\u00e9nyleges lakoss\u00e1gi ig\u00e9ny. A fenti okok miatt jelen projekt keret\u00e9ben a megl\u00e9v\u0151 piac b\u0151v\u00edt\u00e9se val\u00f3sul meg. A b\u0151v\u00edtett piaci ter\u00fcleten fedett, oldalr\u00f3l nyitott \u00e1rus\u00edt\u00f3helyek ker\u00fclnek kialak\u00edt\u00e1sra, ahol elhelyez\u00e9sre ker\u00fcl 2 db 1,5 m\u00e9ter hossz\u00fa mobil \u00e1rus\u00edt\u00f3 asztal. A piaci tev\u00e9kenys\u00e9ghez kapcsol\u00f3d\u00f3 rakt\u00e1rhelyis\u00e9g, fedetlen \u00e1rus\u00edt\u00f3t\u00e9r is kialak\u00edt\u00e1sra ker\u00fcl. Tov\u00e1bb\u00e1 3 db szenzoros k\u00e9zfert\u0151tlen\u00edt\u0151 \u00e1llom\u00e1s is beszerz\u00e9sre ker\u00fcl. A b\u0151v\u00edt\u00e9sre ker\u00fcl\u0151 piaci ter\u00fclet egy akad\u00e1lymentes r\u00e1mp\u00e1val ker\u00fcl \u00f6sszek\u00f6t\u00e9sre a megl\u00e9v\u0151 piaci ter\u00fclettel, amely teljesk\u00f6r\u0171en akad\u00e1lymentes\u00edtett. A piac m\u0171k\u00f6d\u00e9s\u00e9hez sz\u00fcks\u00e9ges kieg\u00e9sz\u00edt\u0151 infrastrukt\u00fara ki\u00e9p\u00edt\u00e9se is megval\u00f3sul a villamos energia- \u00e9s v\u00edzell\u00e1t\u00e1shoz kapcsol\u00f3d\u00f3 h\u00e1l\u00f3zat tekintet\u00e9ben.<\/p>\n\n\n\n<p>Beruh\u00e1z\u00e1ssal megval\u00f3sul\u00e1s\u00e1nak helysz\u00edne:<\/p>\n\n\n\n<ul class=\"wp-block-list\">\n<li>3394 Egerszal\u00f3k Kossuth Lajos u. 295; 295\/C hrsz.<\/li>\n<\/ul>\n\n\n\n<p>Jelen p\u00e1ly\u00e1zat forr\u00e1s\u00e1t az Eur\u00f3pai Mez\u0151gazdas\u00e1gi Vid\u00e9kfejleszt\u00e9si Alap \u00e9s Magyarorsz\u00e1g k\u00f6lts\u00e9gvet\u00e9se t\u00e1rsfinansz\u00edroz\u00e1sban biztos\u00edtja.<\/p>\n\n\n\n<p><a href=\"https:\/\/ec.europa.eu\/agriculture\">https:\/\/ec.europa.eu\/agriculture<\/a><\/p>\n\n\n\n<figure class=\"wp-block-image size-large\"><img loading=\"lazy\" decoding=\"async\" width=\"1024\" height=\"749\" src=\"https:\/\/egerszalokipiac.hu\/wp-content\/uploads\/2025\/05\/Kep.-2025.-05.-08.-9.10-1024x749.jpeg\" alt=\"\" class=\"wp-image-7\" srcset=\"https:\/\/egerszalokipiac.hu\/wp-content\/uploads\/2025\/05\/Kep.-2025.-05.-08.-9.10-1024x749.jpeg 1024w, https:\/\/egerszalokipiac.hu\/wp-content\/uploads\/2025\/05\/Kep.-2025.-05.-08.-9.10-300x220.jpeg 300w, https:\/\/egerszalokipiac.hu\/wp-content\/uploads\/2025\/05\/Kep.-2025.-05.-08.-9.10-768x562.jpeg 768w, https:\/\/egerszalokipiac.hu\/wp-content\/uploads\/2025\/05\/Kep.-2025.-05.-08.-9.10.jpeg 1514w\" sizes=\"auto, (max-width: 767px) 89vw, (max-width: 1000px) 54vw, (max-width: 1071px) 543px, 580px\" \/><\/figure>\n\n\n\n<figure class=\"wp-block-image size-large\"><img loading=\"lazy\" decoding=\"async\" width=\"1024\" height=\"685\" src=\"https:\/\/egerszalokipiac.hu\/wp-content\/uploads\/2025\/05\/Kep.-2025.-05.-08.-9.10-1-1024x685.jpeg\" alt=\"\" class=\"wp-image-8\" srcset=\"https:\/\/egerszalokipiac.hu\/wp-content\/uploads\/2025\/05\/Kep.-2025.-05.-08.-9.10-1-1024x685.jpeg 1024w, https:\/\/egerszalokipiac.hu\/wp-content\/uploads\/2025\/05\/Kep.-2025.-05.-08.-9.10-1-300x201.jpeg 300w, https:\/\/egerszalokipiac.hu\/wp-content\/uploads\/2025\/05\/Kep.-2025.-05.-08.-9.10-1-768x514.jpeg 768w, https:\/\/egerszalokipiac.hu\/wp-content\/uploads\/2025\/05\/Kep.-2025.-05.-08.-9.10-1-1536x1027.jpeg 1536w, https:\/\/egerszalokipiac.hu\/wp-content\/uploads\/2025\/05\/Kep.-2025.-05.-08.-9.10-1.jpeg 1552w\" sizes=\"auto, (max-width: 767px) 89vw, (max-width: 1000px) 54vw, (max-width: 1071px) 543px, 580px\" \/><\/figure>\n\n\n\n<figure class=\"wp-block-image size-large\"><img loading=\"lazy\" decoding=\"async\" width=\"1024\" height=\"1009\" src=\"https:\/\/egerszalokipiac.hu\/wp-content\/uploads\/2025\/05\/Kep.-2025.-05.-08.-9.10-2-1024x1009.jpeg\" alt=\"\" class=\"wp-image-9\" srcset=\"https:\/\/egerszalokipiac.hu\/wp-content\/uploads\/2025\/05\/Kep.-2025.-05.-08.-9.10-2-1024x1009.jpeg 1024w, https:\/\/egerszalokipiac.hu\/wp-content\/uploads\/2025\/05\/Kep.-2025.-05.-08.-9.10-2-300x295.jpeg 300w, https:\/\/egerszalokipiac.hu\/wp-content\/uploads\/2025\/05\/Kep.-2025.-05.-08.-9.10-2-768x756.jpeg 768w, https:\/\/egerszalokipiac.hu\/wp-content\/uploads\/2025\/05\/Kep.-2025.-05.-08.-9.10-2-100x100.jpeg 100w, https:\/\/egerszalokipiac.hu\/wp-content\/uploads\/2025\/05\/Kep.-2025.-05.-08.-9.10-2.jpeg 1330w\" sizes=\"auto, (max-width: 767px) 89vw, (max-width: 1000px) 54vw, (max-width: 1071px) 543px, 580px\" \/><\/figure>\n\n\n\n<figure class=\"wp-block-image size-large\"><img loading=\"lazy\" decoding=\"async\" width=\"1024\" height=\"660\" src=\"https:\/\/egerszalokipiac.hu\/wp-content\/uploads\/2025\/05\/Kep.-2025.-05.-08.-9.11-1024x660.jpeg\" alt=\"\" class=\"wp-image-10\" srcset=\"https:\/\/egerszalokipiac.hu\/wp-content\/uploads\/2025\/05\/Kep.-2025.-05.-08.-9.11-1024x660.jpeg 1024w, https:\/\/egerszalokipiac.hu\/wp-content\/uploads\/2025\/05\/Kep.-2025.-05.-08.-9.11-300x193.jpeg 300w, https:\/\/egerszalokipiac.hu\/wp-content\/uploads\/2025\/05\/Kep.-2025.-05.-08.-9.11-768x495.jpeg 768w, https:\/\/egerszalokipiac.hu\/wp-content\/uploads\/2025\/05\/Kep.-2025.-05.-08.-9.11-1536x990.jpeg 1536w, https:\/\/egerszalokipiac.hu\/wp-content\/uploads\/2025\/05\/Kep.-2025.-05.-08.-9.11.jpeg 1554w\" sizes=\"auto, (max-width: 767px) 89vw, (max-width: 1000px) 54vw, (max-width: 1071px) 543px, 580px\" \/><\/figure>\n","protected":false},"excerpt":{"rendered":"<p>https:\/\/www.facebook.com\/profile.php?id=100085297885736 Helyi term\u00e9k\u00e9rt\u00e9kes\u00edt\u00e9st szolg\u00e1l\u00f3 piac b\u0151v\u00edt\u00e9se Egerszal\u00f3k telep\u00fcl\u00e9sen Kedvezm\u00e9nyezett neve: Egerszal\u00f3k K\u00f6zs\u00e9gi \u00d6nkorm\u00e1nyzat P\u00e1ly\u00e1zati felh\u00edv\u00e1s neve, k\u00f3dsz\u00e1ma: \u201eHelyi term\u00e9k\u00e9rt\u00e9kes\u00edt\u00e9st szolg\u00e1l\u00f3 piacok infrastruktur\u00e1lis- \u00e9s eszk\u00f6z fejleszt\u00e9se\u201d, VP6-7.2.1.1-20 Projekt c\u00edme: Helyi term\u00e9k\u00e9rt\u00e9kes\u00edt\u00e9st szolg\u00e1l\u00f3 piac b\u0151v\u00edt\u00e9se Egerszal\u00f3k telep\u00fcl\u00e9sen Projekt azonos\u00edt\u00f3 sz\u00e1ma: 3318897197 Szerz\u0151d\u00f6tt t\u00e1mogat\u00e1s \u00f6sszege: 20 024 900 Ft. T\u00e1mogat\u00e1s m\u00e9rt\u00e9ke: 85% Projekt befejez\u00e9si d\u00e1tuma: 2024.02.29. Projekt tartalm\u00e1nak &hellip; <\/p>\n<p class=\"link-more\"><a href=\"https:\/\/egerszalokipiac.hu\/\" class=\"more-link\"><span class=\"screen-reader-text\">&#8222;Egerszal\u00f3ki Piac&#8221;<\/span> b\u0151vebben<\/a><\/p>\n","protected":false},"author":1,"featured_media":0,"parent":0,"menu_order":0,"comment_status":"closed","ping_status":"closed","template":"","meta":{"footnotes":""},"class_list":["post-5","page","type-page","status-publish","hentry"],"_links":{"self":[{"href":"https:\/\/egerszalokipiac.hu\/index.php?rest_route=\/wp\/v2\/pages\/5","targetHints":{"allow":["GET"]}}],"collection":[{"href":"https:\/\/egerszalokipiac.hu\/index.php?rest_route=\/wp\/v2\/pages"}],"about":[{"href":"https:\/\/egerszalokipiac.hu\/index.php?rest_route=\/wp\/v2\/types\/page"}],"author":[{"embeddable":true,"href":"https:\/\/egerszalokipiac.hu\/index.php?rest_route=\/wp\/v2\/users\/1"}],"replies":[{"embeddable":true,"href":"https:\/\/egerszalokipiac.hu\/index.php?rest_route=%2Fwp%2Fv2%2Fcomments&post=5"}],"version-history":[{"count":1,"href":"https:\/\/egerszalokipiac.hu\/index.php?rest_route=\/wp\/v2\/pages\/5\/revisions"}],"predecessor-version":[{"id":11,"href":"https:\/\/egerszalokipiac.hu\/index.php?rest_route=\/wp\/v2\/pages\/5\/revisions\/11"}],"wp:attachment":[{"href":"https:\/\/egerszalokipiac.hu\/index.php?rest_route=%2Fwp%2Fv2%2Fmedia&parent=5"}],"curies":[{"name":"wp","href":"https:\/\/api.w.org\/{rel}","templated":true}]}}